{"id":14309,"date":"2025-07-26T17:46:06","date_gmt":"2025-07-26T17:46:06","guid":{"rendered":"https:\/\/www.rincondepo.com\/?post_type=product&#038;p=14309"},"modified":"2026-02-12T09:45:39","modified_gmt":"2026-02-12T09:45:39","slug":"deportivas-barru-192-munich","status":"publish","type":"product","link":"https:\/\/www.rincondepo.com\/index.php\/product\/deportivas-barru-192-munich\/","title":{"rendered":"Deportivas Barru 192 \u00b7 MUNICH"},"content":{"rendered":"<p>Deportivas\u00a0 Barru 161\u00a0 MUNICH. Pertenece a la temporada Oto\u00f1o \/Invierno 2025.<\/p>\n<p>En tono gris claro con X suela de casco recuperada de las pistas de balonmano y verde lima.<\/p>\n<p>Cierre de cord\u00f3n.<\/p>\n<p>Suela extra\u00edble.<\/p>\n<p>Material : 100% cuero.<\/p>\n<p>Suela : 100% goma.<\/p>\n<p>Por \u00faltimo combina con\u00a0 bolso lima y falda vaquera.<\/p>\n","protected":false},"excerpt":{"rendered":"<p>Deportivas\u00a0 Barru 161\u00a0 MUNICH.<\/p>\n<p>Pertenece a la temporada Oto\u00f1o \/Invierno 2025.<\/p>\n","protected":false},"featured_media":15722,"template":"","meta":{"_joinchat":[]},"product_cat":[203,110],"product_tag":[503,505,243,506,269],"yoast_head":"<!-- This site is optimized with the Yoast SEO plugin v20.10 - https:\/\/yoast.com\/wordpress\/plugins\/seo\/ -->\n<title>Deportivas Barru 192 \u00b7 MUNICH - Tienda Online<\/title>\n<meta name=\"description\" content=\"Deportivas\u00a0 Barru 161 de la marca MUNICH. Disponible en Rinc\u00f3n &amp; Terrier by p\u00f3. Env\u00edo en 48\/72h GRATIS en todas las compras.\" \/>\n<meta name=\"robots\" content=\"index, follow, max-snippet:-1, max-image-preview:large, max-video-preview:-1\" \/>\n<link rel=\"canonical\" href=\"https:\/\/www.rincondepo.com\/index.php\/product\/deportivas-barru-192-munich\/\" \/>\n<meta property=\"og:locale\" content=\"es_ES\" \/>\n<meta property=\"og:type\" content=\"article\" \/>\n<meta property=\"og:title\" content=\"Deportivas Barru 192 \u00b7 MUNICH - Tienda Online\" \/>\n<meta property=\"og:description\" content=\"Deportivas\u00a0 Barru 161 de la marca MUNICH. Disponible en Rinc\u00f3n &amp; Terrier by p\u00f3. Env\u00edo en 48\/72h GRATIS en todas las compras.\" \/>\n<meta property=\"og:url\" content=\"https:\/\/www.rincondepo.com\/index.php\/product\/deportivas-barru-192-munich\/\" \/>\n<meta property=\"og:site_name\" content=\"Tienda Online\" \/>\n<meta property=\"article:modified_time\" content=\"2026-02-12T09:45:39+00:00\" \/>\n<meta property=\"og:image\" content=\"https:\/\/www.rincondepo.com\/wp-content\/uploads\/2025\/07\/barru-192-8290192-2.jpg\" \/>\n\t<meta property=\"og:image:width\" content=\"550\" \/>\n\t<meta property=\"og:image:height\" content=\"550\" \/>\n\t<meta property=\"og:image:type\" content=\"image\/jpeg\" \/>\n<meta name=\"twitter:card\" content=\"summary_large_image\" \/>\n<meta name=\"twitter:label1\" content=\"Tiempo de lectura\" \/>\n\t<meta name=\"twitter:data1\" content=\"1 minuto\" \/>\n<script type=\"application\/ld+json\" class=\"yoast-schema-graph\">{\"@context\":\"https:\/\/schema.org\",\"@graph\":[{\"@type\":\"WebPage\",\"@id\":\"https:\/\/www.rincondepo.com\/index.php\/product\/deportivas-barru-192-munich\/\",\"url\":\"https:\/\/www.rincondepo.com\/index.php\/product\/deportivas-barru-192-munich\/\",\"name\":\"Deportivas Barru 192 \u00b7 MUNICH - Tienda Online\",\"isPartOf\":{\"@id\":\"https:\/\/www.rincondepo.com\/#website\"},\"datePublished\":\"2025-07-26T17:46:06+00:00\",\"dateModified\":\"2026-02-12T09:45:39+00:00\",\"description\":\"Deportivas\u00a0 Barru 161 de la marca MUNICH. Disponible en Rinc\u00f3n & Terrier by p\u00f3. Env\u00edo en 48\/72h GRATIS en todas las compras.\",\"breadcrumb\":{\"@id\":\"https:\/\/www.rincondepo.com\/index.php\/product\/deportivas-barru-192-munich\/#breadcrumb\"},\"inLanguage\":\"es\",\"potentialAction\":[{\"@type\":\"ReadAction\",\"target\":[\"https:\/\/www.rincondepo.com\/index.php\/product\/deportivas-barru-192-munich\/\"]}]},{\"@type\":\"BreadcrumbList\",\"@id\":\"https:\/\/www.rincondepo.com\/index.php\/product\/deportivas-barru-192-munich\/#breadcrumb\",\"itemListElement\":[{\"@type\":\"ListItem\",\"position\":1,\"name\":\"Portada\",\"item\":\"https:\/\/www.rincondepo.com\/\"},{\"@type\":\"ListItem\",\"position\":2,\"name\":\"Tienda\",\"item\":\"https:\/\/www.rincondepo.com\/index.php\/shop\/\"},{\"@type\":\"ListItem\",\"position\":3,\"name\":\"Deportivas Barru 192 \u00b7 MUNICH\"}]},{\"@type\":\"WebSite\",\"@id\":\"https:\/\/www.rincondepo.com\/#website\",\"url\":\"https:\/\/www.rincondepo.com\/\",\"name\":\"Tienda Online\",\"description\":\"Tu tienda de confianza\",\"potentialAction\":[{\"@type\":\"SearchAction\",\"target\":{\"@type\":\"EntryPoint\",\"urlTemplate\":\"https:\/\/www.rincondepo.com\/?s={search_term_string}\"},\"query-input\":\"required name=search_term_string\"}],\"inLanguage\":\"es\"}]}<\/script>\n<!-- \/ Yoast SEO plugin. -->","yoast_head_json":{"title":"Deportivas Barru 192 \u00b7 MUNICH - Tienda Online","description":"Deportivas\u00a0 Barru 161 de la marca MUNICH. Disponible en Rinc\u00f3n & Terrier by p\u00f3. Env\u00edo en 48\/72h GRATIS en todas las compras.","robots":{"index":"index","follow":"follow","max-snippet":"max-snippet:-1","max-image-preview":"max-image-preview:large","max-video-preview":"max-video-preview:-1"},"canonical":"https:\/\/www.rincondepo.com\/index.php\/product\/deportivas-barru-192-munich\/","og_locale":"es_ES","og_type":"article","og_title":"Deportivas Barru 192 \u00b7 MUNICH - Tienda Online","og_description":"Deportivas\u00a0 Barru 161 de la marca MUNICH. Disponible en Rinc\u00f3n & Terrier by p\u00f3. Env\u00edo en 48\/72h GRATIS en todas las compras.","og_url":"https:\/\/www.rincondepo.com\/index.php\/product\/deportivas-barru-192-munich\/","og_site_name":"Tienda Online","article_modified_time":"2026-02-12T09:45:39+00:00","og_image":[{"width":550,"height":550,"url":"https:\/\/www.rincondepo.com\/wp-content\/uploads\/2025\/07\/barru-192-8290192-2.jpg","type":"image\/jpeg"}],"twitter_card":"summary_large_image","twitter_misc":{"Tiempo de lectura":"1 minuto"},"schema":{"@context":"https:\/\/schema.org","@graph":[{"@type":"WebPage","@id":"https:\/\/www.rincondepo.com\/index.php\/product\/deportivas-barru-192-munich\/","url":"https:\/\/www.rincondepo.com\/index.php\/product\/deportivas-barru-192-munich\/","name":"Deportivas Barru 192 \u00b7 MUNICH - Tienda Online","isPartOf":{"@id":"https:\/\/www.rincondepo.com\/#website"},"datePublished":"2025-07-26T17:46:06+00:00","dateModified":"2026-02-12T09:45:39+00:00","description":"Deportivas\u00a0 Barru 161 de la marca MUNICH. Disponible en Rinc\u00f3n & Terrier by p\u00f3. Env\u00edo en 48\/72h GRATIS en todas las compras.","breadcrumb":{"@id":"https:\/\/www.rincondepo.com\/index.php\/product\/deportivas-barru-192-munich\/#breadcrumb"},"inLanguage":"es","potentialAction":[{"@type":"ReadAction","target":["https:\/\/www.rincondepo.com\/index.php\/product\/deportivas-barru-192-munich\/"]}]},{"@type":"BreadcrumbList","@id":"https:\/\/www.rincondepo.com\/index.php\/product\/deportivas-barru-192-munich\/#breadcrumb","itemListElement":[{"@type":"ListItem","position":1,"name":"Portada","item":"https:\/\/www.rincondepo.com\/"},{"@type":"ListItem","position":2,"name":"Tienda","item":"https:\/\/www.rincondepo.com\/index.php\/shop\/"},{"@type":"ListItem","position":3,"name":"Deportivas Barru 192 \u00b7 MUNICH"}]},{"@type":"WebSite","@id":"https:\/\/www.rincondepo.com\/#website","url":"https:\/\/www.rincondepo.com\/","name":"Tienda Online","description":"Tu tienda de confianza","potentialAction":[{"@type":"SearchAction","target":{"@type":"EntryPoint","urlTemplate":"https:\/\/www.rincondepo.com\/?s={search_term_string}"},"query-input":"required name=search_term_string"}],"inLanguage":"es"}]}},"_links":{"self":[{"href":"https:\/\/www.rincondepo.com\/index.php\/wp-json\/wp\/v2\/product\/14309"}],"collection":[{"href":"https:\/\/www.rincondepo.com\/index.php\/wp-json\/wp\/v2\/product"}],"about":[{"href":"https:\/\/www.rincondepo.com\/index.php\/wp-json\/wp\/v2\/types\/product"}],"wp:featuredmedia":[{"embeddable":true,"href":"https:\/\/www.rincondepo.com\/index.php\/wp-json\/wp\/v2\/media\/15722"}],"wp:attachment":[{"href":"https:\/\/www.rincondepo.com\/index.php\/wp-json\/wp\/v2\/media?parent=14309"}],"wp:term":[{"taxonomy":"product_cat","embeddable":true,"href":"https:\/\/www.rincondepo.com\/index.php\/wp-json\/wp\/v2\/product_cat?post=14309"},{"taxonomy":"product_tag","embeddable":true,"href":"https:\/\/www.rincondepo.com\/index.php\/wp-json\/wp\/v2\/product_tag?post=14309"}],"curies":[{"name":"wp","href":"https:\/\/api.w.org\/{rel}","templated":true}]}}