{"id":15275,"date":"2025-10-23T18:15:19","date_gmt":"2025-10-23T18:15:19","guid":{"rendered":"https:\/\/www.rincondepo.com\/?post_type=product&#038;p=15275"},"modified":"2026-02-07T12:55:24","modified_gmt":"2026-02-07T12:55:24","slug":"cardigan-de-punto-extra-grande-camuflaje-vdr","status":"publish","type":"product","link":"https:\/\/www.rincondepo.com\/index.php\/product\/cardigan-de-punto-extra-grande-camuflaje-vdr\/","title":{"rendered":"C\u00e1rdigan de punto extra grande camuflaje \u00b7 #VDR"},"content":{"rendered":"<p>C\u00e1rdigan de punto extra grande camuflaje #VDR. Pertenece a la temporada Oto\u00f1o\/Invierno 25\/26.<\/p>\n<p>C\u00e1rdigan largo de punto con capucha de gran tama\u00f1o.<\/p>\n<p>Estampado de camuflaje en color negro, kaki y granate.<\/p>\n<p>Bolsillos delanteros.<\/p>\n<p>Parche bordado en la espalda.<\/p>\n<p>Detalles de cord\u00f3n lateral.<\/p>\n<p>Composici\u00f3n: 100% Acr\u00edlico.<\/p>\n<p>Por \u00faltimo, combina con vaqueros globo y sudadera,<\/p>\n","protected":false},"excerpt":{"rendered":"<p>C\u00e1rdigan de punto extra grande camuflaje #VDR.<\/p>\n<p>Pertenece a la temporada Oto\u00f1o\/Invierno 25\/26.<\/p>\n","protected":false},"featured_media":15277,"template":"","meta":{"_joinchat":[]},"product_cat":[203,89,113,111],"product_tag":[503,318,250],"yoast_head":"<!-- This site is optimized with the Yoast SEO plugin v20.10 - https:\/\/yoast.com\/wordpress\/plugins\/seo\/ -->\n<title>C\u00e1rdigan de punto extra grande camuflaje \u00b7 #VDR - Tienda Online<\/title>\n<meta name=\"description\" content=\"C\u00e1rdigan de punto extra grande camuflaje de la marca #VDR . Disponible en Rinc\u00f3n &amp; Terrier by p\u00f3. Env\u00edo en 48\/72h GRATIS en todas las compras.\" \/>\n<meta name=\"robots\" content=\"index, follow, max-snippet:-1, max-image-preview:large, max-video-preview:-1\" \/>\n<link rel=\"canonical\" href=\"https:\/\/www.rincondepo.com\/index.php\/product\/cardigan-de-punto-extra-grande-camuflaje-vdr\/\" \/>\n<meta property=\"og:locale\" content=\"es_ES\" \/>\n<meta property=\"og:type\" content=\"article\" \/>\n<meta property=\"og:title\" content=\"C\u00e1rdigan de punto extra grande camuflaje \u00b7 #VDR - Tienda Online\" \/>\n<meta property=\"og:description\" content=\"C\u00e1rdigan de punto extra grande camuflaje de la marca #VDR . Disponible en Rinc\u00f3n &amp; Terrier by p\u00f3. Env\u00edo en 48\/72h GRATIS en todas las compras.\" \/>\n<meta property=\"og:url\" content=\"https:\/\/www.rincondepo.com\/index.php\/product\/cardigan-de-punto-extra-grande-camuflaje-vdr\/\" \/>\n<meta property=\"og:site_name\" content=\"Tienda Online\" \/>\n<meta property=\"article:modified_time\" content=\"2026-02-07T12:55:24+00:00\" \/>\n<meta property=\"og:image\" content=\"https:\/\/www.rincondepo.com\/wp-content\/uploads\/2025\/10\/cardigan-camu-4.png\" \/>\n\t<meta property=\"og:image:width\" content=\"422\" \/>\n\t<meta property=\"og:image:height\" content=\"632\" \/>\n\t<meta property=\"og:image:type\" content=\"image\/png\" \/>\n<meta name=\"twitter:card\" content=\"summary_large_image\" \/>\n<meta name=\"twitter:label1\" content=\"Tiempo de lectura\" \/>\n\t<meta name=\"twitter:data1\" content=\"1 minuto\" \/>\n<script type=\"application\/ld+json\" class=\"yoast-schema-graph\">{\"@context\":\"https:\/\/schema.org\",\"@graph\":[{\"@type\":\"WebPage\",\"@id\":\"https:\/\/www.rincondepo.com\/index.php\/product\/cardigan-de-punto-extra-grande-camuflaje-vdr\/\",\"url\":\"https:\/\/www.rincondepo.com\/index.php\/product\/cardigan-de-punto-extra-grande-camuflaje-vdr\/\",\"name\":\"C\u00e1rdigan de punto extra grande camuflaje \u00b7 #VDR - Tienda Online\",\"isPartOf\":{\"@id\":\"https:\/\/www.rincondepo.com\/#website\"},\"datePublished\":\"2025-10-23T18:15:19+00:00\",\"dateModified\":\"2026-02-07T12:55:24+00:00\",\"description\":\"C\u00e1rdigan de punto extra grande camuflaje de la marca #VDR . Disponible en Rinc\u00f3n & Terrier by p\u00f3. Env\u00edo en 48\/72h GRATIS en todas las compras.\",\"breadcrumb\":{\"@id\":\"https:\/\/www.rincondepo.com\/index.php\/product\/cardigan-de-punto-extra-grande-camuflaje-vdr\/#breadcrumb\"},\"inLanguage\":\"es\",\"potentialAction\":[{\"@type\":\"ReadAction\",\"target\":[\"https:\/\/www.rincondepo.com\/index.php\/product\/cardigan-de-punto-extra-grande-camuflaje-vdr\/\"]}]},{\"@type\":\"BreadcrumbList\",\"@id\":\"https:\/\/www.rincondepo.com\/index.php\/product\/cardigan-de-punto-extra-grande-camuflaje-vdr\/#breadcrumb\",\"itemListElement\":[{\"@type\":\"ListItem\",\"position\":1,\"name\":\"Portada\",\"item\":\"https:\/\/www.rincondepo.com\/\"},{\"@type\":\"ListItem\",\"position\":2,\"name\":\"Tienda\",\"item\":\"https:\/\/www.rincondepo.com\/index.php\/shop\/\"},{\"@type\":\"ListItem\",\"position\":3,\"name\":\"C\u00e1rdigan de punto extra grande camuflaje \u00b7 #VDR\"}]},{\"@type\":\"WebSite\",\"@id\":\"https:\/\/www.rincondepo.com\/#website\",\"url\":\"https:\/\/www.rincondepo.com\/\",\"name\":\"Tienda Online\",\"description\":\"Tu tienda de confianza\",\"potentialAction\":[{\"@type\":\"SearchAction\",\"target\":{\"@type\":\"EntryPoint\",\"urlTemplate\":\"https:\/\/www.rincondepo.com\/?s={search_term_string}\"},\"query-input\":\"required name=search_term_string\"}],\"inLanguage\":\"es\"}]}<\/script>\n<!-- \/ Yoast SEO plugin. -->","yoast_head_json":{"title":"C\u00e1rdigan de punto extra grande camuflaje \u00b7 #VDR - Tienda Online","description":"C\u00e1rdigan de punto extra grande camuflaje de la marca #VDR . Disponible en Rinc\u00f3n & Terrier by p\u00f3. Env\u00edo en 48\/72h GRATIS en todas las compras.","robots":{"index":"index","follow":"follow","max-snippet":"max-snippet:-1","max-image-preview":"max-image-preview:large","max-video-preview":"max-video-preview:-1"},"canonical":"https:\/\/www.rincondepo.com\/index.php\/product\/cardigan-de-punto-extra-grande-camuflaje-vdr\/","og_locale":"es_ES","og_type":"article","og_title":"C\u00e1rdigan de punto extra grande camuflaje \u00b7 #VDR - Tienda Online","og_description":"C\u00e1rdigan de punto extra grande camuflaje de la marca #VDR . Disponible en Rinc\u00f3n & Terrier by p\u00f3. Env\u00edo en 48\/72h GRATIS en todas las compras.","og_url":"https:\/\/www.rincondepo.com\/index.php\/product\/cardigan-de-punto-extra-grande-camuflaje-vdr\/","og_site_name":"Tienda Online","article_modified_time":"2026-02-07T12:55:24+00:00","og_image":[{"width":422,"height":632,"url":"https:\/\/www.rincondepo.com\/wp-content\/uploads\/2025\/10\/cardigan-camu-4.png","type":"image\/png"}],"twitter_card":"summary_large_image","twitter_misc":{"Tiempo de lectura":"1 minuto"},"schema":{"@context":"https:\/\/schema.org","@graph":[{"@type":"WebPage","@id":"https:\/\/www.rincondepo.com\/index.php\/product\/cardigan-de-punto-extra-grande-camuflaje-vdr\/","url":"https:\/\/www.rincondepo.com\/index.php\/product\/cardigan-de-punto-extra-grande-camuflaje-vdr\/","name":"C\u00e1rdigan de punto extra grande camuflaje \u00b7 #VDR - Tienda Online","isPartOf":{"@id":"https:\/\/www.rincondepo.com\/#website"},"datePublished":"2025-10-23T18:15:19+00:00","dateModified":"2026-02-07T12:55:24+00:00","description":"C\u00e1rdigan de punto extra grande camuflaje de la marca #VDR . Disponible en Rinc\u00f3n & Terrier by p\u00f3. Env\u00edo en 48\/72h GRATIS en todas las compras.","breadcrumb":{"@id":"https:\/\/www.rincondepo.com\/index.php\/product\/cardigan-de-punto-extra-grande-camuflaje-vdr\/#breadcrumb"},"inLanguage":"es","potentialAction":[{"@type":"ReadAction","target":["https:\/\/www.rincondepo.com\/index.php\/product\/cardigan-de-punto-extra-grande-camuflaje-vdr\/"]}]},{"@type":"BreadcrumbList","@id":"https:\/\/www.rincondepo.com\/index.php\/product\/cardigan-de-punto-extra-grande-camuflaje-vdr\/#breadcrumb","itemListElement":[{"@type":"ListItem","position":1,"name":"Portada","item":"https:\/\/www.rincondepo.com\/"},{"@type":"ListItem","position":2,"name":"Tienda","item":"https:\/\/www.rincondepo.com\/index.php\/shop\/"},{"@type":"ListItem","position":3,"name":"C\u00e1rdigan de punto extra grande camuflaje \u00b7 #VDR"}]},{"@type":"WebSite","@id":"https:\/\/www.rincondepo.com\/#website","url":"https:\/\/www.rincondepo.com\/","name":"Tienda Online","description":"Tu tienda de confianza","potentialAction":[{"@type":"SearchAction","target":{"@type":"EntryPoint","urlTemplate":"https:\/\/www.rincondepo.com\/?s={search_term_string}"},"query-input":"required name=search_term_string"}],"inLanguage":"es"}]}},"_links":{"self":[{"href":"https:\/\/www.rincondepo.com\/index.php\/wp-json\/wp\/v2\/product\/15275"}],"collection":[{"href":"https:\/\/www.rincondepo.com\/index.php\/wp-json\/wp\/v2\/product"}],"about":[{"href":"https:\/\/www.rincondepo.com\/index.php\/wp-json\/wp\/v2\/types\/product"}],"wp:featuredmedia":[{"embeddable":true,"href":"https:\/\/www.rincondepo.com\/index.php\/wp-json\/wp\/v2\/media\/15277"}],"wp:attachment":[{"href":"https:\/\/www.rincondepo.com\/index.php\/wp-json\/wp\/v2\/media?parent=15275"}],"wp:term":[{"taxonomy":"product_cat","embeddable":true,"href":"https:\/\/www.rincondepo.com\/index.php\/wp-json\/wp\/v2\/product_cat?post=15275"},{"taxonomy":"product_tag","embeddable":true,"href":"https:\/\/www.rincondepo.com\/index.php\/wp-json\/wp\/v2\/product_tag?post=15275"}],"curies":[{"name":"wp","href":"https:\/\/api.w.org\/{rel}","templated":true}]}}