{"id":16353,"date":"2026-04-13T16:46:35","date_gmt":"2026-04-13T16:46:35","guid":{"rendered":"https:\/\/www.rincondepo.com\/?post_type=product&#038;p=16353"},"modified":"2026-04-13T16:46:35","modified_gmt":"2026-04-13T16:46:35","slug":"bolso-the-case-exotico-roccia-rue-madam-paris","status":"publish","type":"product","link":"https:\/\/www.rincondepo.com\/index.php\/product\/bolso-the-case-exotico-roccia-rue-madam-paris\/","title":{"rendered":"Bolso The Case Exotico Roccia \u00b7 RUE MADAM PARIS"},"content":{"rendered":"<p>Bolso The Case Exotico Roccia RUE MADAM PARIS. Pertenece a la temporada Primavera \/ Verano 2026.<\/p>\n<p>Compacto y funcional, este bolso bandolera para smartphone de piel sint\u00e9tica con estampado de pit\u00f3n ex\u00f3tico est\u00e1 adornado con un logotipo met\u00e1lico dorado que le da un toque distintivo.<\/p>\n<p>El interior cuenta con compartimentos espec\u00edficos para tarjetas y monedas, perfectos para tener lo esencial siempre a mano.<\/p>\n<p>Incluye una correa de cadena extra\u00edble para mayor versatilidad y un forro de algod\u00f3n con un bolsillo para una mejor organizaci\u00f3n.<\/p>\n<p>Dimensiones: 19 cm de largo \u00d7 10 cm de alto \u00d7 5 cm de profundidad.<\/p>\n<p>Composici\u00f3n: 100 % PU.<\/p>\n","protected":false},"excerpt":{"rendered":"<p>Bolso The Case Exotico Roccia RUE MADAM PARIS.<\/p>\n<p>Pertenece a la temporada Primavera \/ Verano 2026.<\/p>\n","protected":false},"featured_media":16355,"template":"","meta":{"_joinchat":[]},"product_cat":[423,109,122],"product_tag":[609,607,126],"yoast_head":"<!-- This site is optimized with the Yoast SEO plugin v20.10 - https:\/\/yoast.com\/wordpress\/plugins\/seo\/ -->\n<title>Bolso The Case Exotico Roccia \u00b7 RUE MADAM PARIS - Tienda Online<\/title>\n<meta name=\"description\" content=\"Bolso The Case Exotico Roccia de la marca RUE MADAM PARIS. Disponible en Rinc\u00f3n &amp; Terrier by p\u00f3. Env\u00edo en 48\/72h GRATIS en todas las compras.\" \/>\n<meta name=\"robots\" content=\"index, follow, max-snippet:-1, max-image-preview:large, max-video-preview:-1\" \/>\n<link rel=\"canonical\" href=\"https:\/\/www.rincondepo.com\/index.php\/product\/bolso-the-case-exotico-roccia-rue-madam-paris\/\" \/>\n<meta property=\"og:locale\" content=\"es_ES\" \/>\n<meta property=\"og:type\" content=\"article\" \/>\n<meta property=\"og:title\" content=\"Bolso The Case Exotico Roccia \u00b7 RUE MADAM PARIS - Tienda Online\" \/>\n<meta property=\"og:description\" content=\"Bolso The Case Exotico Roccia de la marca RUE MADAM PARIS. Disponible en Rinc\u00f3n &amp; Terrier by p\u00f3. Env\u00edo en 48\/72h GRATIS en todas las compras.\" \/>\n<meta property=\"og:url\" content=\"https:\/\/www.rincondepo.com\/index.php\/product\/bolso-the-case-exotico-roccia-rue-madam-paris\/\" \/>\n<meta property=\"og:site_name\" content=\"Tienda Online\" \/>\n<meta property=\"og:image\" content=\"https:\/\/www.rincondepo.com\/wp-content\/uploads\/2026\/04\/1fb08376-de21-4836-89c7-9867a66ca24f-THE-CASE-EXOTIC_-ROCCIA-1.jpg\" \/>\n\t<meta property=\"og:image:width\" content=\"1000\" \/>\n\t<meta property=\"og:image:height\" content=\"1500\" \/>\n\t<meta property=\"og:image:type\" content=\"image\/jpeg\" \/>\n<meta name=\"twitter:card\" content=\"summary_large_image\" \/>\n<meta name=\"twitter:label1\" content=\"Tiempo de lectura\" \/>\n\t<meta name=\"twitter:data1\" content=\"1 minuto\" \/>\n<script type=\"application\/ld+json\" class=\"yoast-schema-graph\">{\"@context\":\"https:\/\/schema.org\",\"@graph\":[{\"@type\":\"WebPage\",\"@id\":\"https:\/\/www.rincondepo.com\/index.php\/product\/bolso-the-case-exotico-roccia-rue-madam-paris\/\",\"url\":\"https:\/\/www.rincondepo.com\/index.php\/product\/bolso-the-case-exotico-roccia-rue-madam-paris\/\",\"name\":\"Bolso The Case Exotico Roccia \u00b7 RUE MADAM PARIS - Tienda Online\",\"isPartOf\":{\"@id\":\"https:\/\/www.rincondepo.com\/#website\"},\"datePublished\":\"2026-04-13T16:46:35+00:00\",\"dateModified\":\"2026-04-13T16:46:35+00:00\",\"description\":\"Bolso The Case Exotico Roccia de la marca RUE MADAM PARIS. Disponible en Rinc\u00f3n & Terrier by p\u00f3. Env\u00edo en 48\/72h GRATIS en todas las compras.\",\"breadcrumb\":{\"@id\":\"https:\/\/www.rincondepo.com\/index.php\/product\/bolso-the-case-exotico-roccia-rue-madam-paris\/#breadcrumb\"},\"inLanguage\":\"es\",\"potentialAction\":[{\"@type\":\"ReadAction\",\"target\":[\"https:\/\/www.rincondepo.com\/index.php\/product\/bolso-the-case-exotico-roccia-rue-madam-paris\/\"]}]},{\"@type\":\"BreadcrumbList\",\"@id\":\"https:\/\/www.rincondepo.com\/index.php\/product\/bolso-the-case-exotico-roccia-rue-madam-paris\/#breadcrumb\",\"itemListElement\":[{\"@type\":\"ListItem\",\"position\":1,\"name\":\"Portada\",\"item\":\"https:\/\/www.rincondepo.com\/\"},{\"@type\":\"ListItem\",\"position\":2,\"name\":\"Tienda\",\"item\":\"https:\/\/www.rincondepo.com\/index.php\/shop\/\"},{\"@type\":\"ListItem\",\"position\":3,\"name\":\"Bolso The Case Exotico Roccia \u00b7 RUE MADAM PARIS\"}]},{\"@type\":\"WebSite\",\"@id\":\"https:\/\/www.rincondepo.com\/#website\",\"url\":\"https:\/\/www.rincondepo.com\/\",\"name\":\"Tienda Online\",\"description\":\"Tu tienda de confianza\",\"potentialAction\":[{\"@type\":\"SearchAction\",\"target\":{\"@type\":\"EntryPoint\",\"urlTemplate\":\"https:\/\/www.rincondepo.com\/?s={search_term_string}\"},\"query-input\":\"required name=search_term_string\"}],\"inLanguage\":\"es\"}]}<\/script>\n<!-- \/ Yoast SEO plugin. -->","yoast_head_json":{"title":"Bolso The Case Exotico Roccia \u00b7 RUE MADAM PARIS - Tienda Online","description":"Bolso The Case Exotico Roccia de la marca RUE MADAM PARIS. Disponible en Rinc\u00f3n & Terrier by p\u00f3. Env\u00edo en 48\/72h GRATIS en todas las compras.","robots":{"index":"index","follow":"follow","max-snippet":"max-snippet:-1","max-image-preview":"max-image-preview:large","max-video-preview":"max-video-preview:-1"},"canonical":"https:\/\/www.rincondepo.com\/index.php\/product\/bolso-the-case-exotico-roccia-rue-madam-paris\/","og_locale":"es_ES","og_type":"article","og_title":"Bolso The Case Exotico Roccia \u00b7 RUE MADAM PARIS - Tienda Online","og_description":"Bolso The Case Exotico Roccia de la marca RUE MADAM PARIS. Disponible en Rinc\u00f3n & Terrier by p\u00f3. Env\u00edo en 48\/72h GRATIS en todas las compras.","og_url":"https:\/\/www.rincondepo.com\/index.php\/product\/bolso-the-case-exotico-roccia-rue-madam-paris\/","og_site_name":"Tienda Online","og_image":[{"width":1000,"height":1500,"url":"https:\/\/www.rincondepo.com\/wp-content\/uploads\/2026\/04\/1fb08376-de21-4836-89c7-9867a66ca24f-THE-CASE-EXOTIC_-ROCCIA-1.jpg","type":"image\/jpeg"}],"twitter_card":"summary_large_image","twitter_misc":{"Tiempo de lectura":"1 minuto"},"schema":{"@context":"https:\/\/schema.org","@graph":[{"@type":"WebPage","@id":"https:\/\/www.rincondepo.com\/index.php\/product\/bolso-the-case-exotico-roccia-rue-madam-paris\/","url":"https:\/\/www.rincondepo.com\/index.php\/product\/bolso-the-case-exotico-roccia-rue-madam-paris\/","name":"Bolso The Case Exotico Roccia \u00b7 RUE MADAM PARIS - Tienda Online","isPartOf":{"@id":"https:\/\/www.rincondepo.com\/#website"},"datePublished":"2026-04-13T16:46:35+00:00","dateModified":"2026-04-13T16:46:35+00:00","description":"Bolso The Case Exotico Roccia de la marca RUE MADAM PARIS. Disponible en Rinc\u00f3n & Terrier by p\u00f3. Env\u00edo en 48\/72h GRATIS en todas las compras.","breadcrumb":{"@id":"https:\/\/www.rincondepo.com\/index.php\/product\/bolso-the-case-exotico-roccia-rue-madam-paris\/#breadcrumb"},"inLanguage":"es","potentialAction":[{"@type":"ReadAction","target":["https:\/\/www.rincondepo.com\/index.php\/product\/bolso-the-case-exotico-roccia-rue-madam-paris\/"]}]},{"@type":"BreadcrumbList","@id":"https:\/\/www.rincondepo.com\/index.php\/product\/bolso-the-case-exotico-roccia-rue-madam-paris\/#breadcrumb","itemListElement":[{"@type":"ListItem","position":1,"name":"Portada","item":"https:\/\/www.rincondepo.com\/"},{"@type":"ListItem","position":2,"name":"Tienda","item":"https:\/\/www.rincondepo.com\/index.php\/shop\/"},{"@type":"ListItem","position":3,"name":"Bolso The Case Exotico Roccia \u00b7 RUE MADAM PARIS"}]},{"@type":"WebSite","@id":"https:\/\/www.rincondepo.com\/#website","url":"https:\/\/www.rincondepo.com\/","name":"Tienda Online","description":"Tu tienda de confianza","potentialAction":[{"@type":"SearchAction","target":{"@type":"EntryPoint","urlTemplate":"https:\/\/www.rincondepo.com\/?s={search_term_string}"},"query-input":"required name=search_term_string"}],"inLanguage":"es"}]}},"_links":{"self":[{"href":"https:\/\/www.rincondepo.com\/index.php\/wp-json\/wp\/v2\/product\/16353"}],"collection":[{"href":"https:\/\/www.rincondepo.com\/index.php\/wp-json\/wp\/v2\/product"}],"about":[{"href":"https:\/\/www.rincondepo.com\/index.php\/wp-json\/wp\/v2\/types\/product"}],"wp:featuredmedia":[{"embeddable":true,"href":"https:\/\/www.rincondepo.com\/index.php\/wp-json\/wp\/v2\/media\/16355"}],"wp:attachment":[{"href":"https:\/\/www.rincondepo.com\/index.php\/wp-json\/wp\/v2\/media?parent=16353"}],"wp:term":[{"taxonomy":"product_cat","embeddable":true,"href":"https:\/\/www.rincondepo.com\/index.php\/wp-json\/wp\/v2\/product_cat?post=16353"},{"taxonomy":"product_tag","embeddable":true,"href":"https:\/\/www.rincondepo.com\/index.php\/wp-json\/wp\/v2\/product_tag?post=16353"}],"curies":[{"name":"wp","href":"https:\/\/api.w.org\/{rel}","templated":true}]}}